{"id":4631,"date":"2024-01-04T17:45:16","date_gmt":"2024-01-04T17:45:16","guid":{"rendered":"https:\/\/tectradingtec.com\/ecom\/?post_type=product&#038;p=4631"},"modified":"2024-03-15T19:21:29","modified_gmt":"2024-03-15T19:21:29","slug":"stiletto-espresso-cafetera-portatil","status":"publish","type":"product","link":"https:\/\/www.aicontec.com.ar\/shop\/?product=stiletto-espresso-cafetera-portatil","title":{"rendered":"Stiletto Espresso &#8211; Cafetera Port\u00e1til"},"content":{"rendered":"<p>Stiletto Espresso<br \/>\nMini m\u00e1quina de caf\u00e9 espresso port\u00e1til con bater\u00eda autom\u00e1tica, 20 bares de presi\u00f3n, funciona con agua fr\u00eda ya que calienta la misma en solo 4 minutos o con agua caliente lo que permite ahorrar bater\u00eda, se carga mediante USB, funciona con c\u00e1psulas NS o compatibles y caf\u00e9 molido. Ideal para llevar en el auto, bicicleta, moto, avi\u00f3n, campamento, viajes o utilizar en el hogar y la oficina.<\/p>\n<p>Incluye bolso con porta capsulas, funda, cable USB, adaptador para c\u00e1psulas, adaptador para caf\u00e9 molido y cepillo de limpieza.<br \/>\nRendimiento aproximado de la bater\u00eda: 4 shot con agua fr\u00eda y 100 shot con agua caliente.<\/p>\n","protected":false},"excerpt":{"rendered":"<h2 class=\"ui-vpp-text-alignment--left ui-pdp-color--BLACK ui-pdp-size--XSMALL ui-pdp-family--SEMIBOLD highlighted-features-title\">Lo que ten\u00e9s que saber de este producto<\/h2>\n<ul>\n<li>Capacidad m\u00e1xima: 80 ml<\/li>\n<li>Bater\u00eda de 7800 mAh<\/li>\n<li>Peso: 640 gr<\/li>\n<li>Potencia: 90w<\/li>\n<li>Voltaje: 5V<\/li>\n<li>Temperatura M\u00e1x.: 96\u00b0c<\/li>\n<li>Indicador de bater\u00eda: SI<\/li>\n<li>Indicador temperatura del agua: SI (4 leds)<\/li>\n<li>Funda y estuche con porta c\u00e1psulas<\/li>\n<li data-mce-fragment=\"1\">M\u00e9todo de cafe 2 en 1: Funciona con caf\u00e9 molido y c\u00e1psulas de caf\u00e9<\/li>\n<\/ul>\n","protected":false},"featured_media":4659,"comment_status":"open","ping_status":"closed","template":"","meta":[],"product_cat":[204],"product_tag":[],"_links":{"self":[{"href":"https:\/\/www.aicontec.com.ar\/shop\/index.php?rest_route=\/wp\/v2\/product\/4631"}],"collection":[{"href":"https:\/\/www.aicontec.com.ar\/shop\/index.php?rest_route=\/wp\/v2\/product"}],"about":[{"href":"https:\/\/www.aicontec.com.ar\/shop\/index.php?rest_route=\/wp\/v2\/types\/product"}],"replies":[{"embeddable":true,"href":"https:\/\/www.aicontec.com.ar\/shop\/index.php?rest_route=%2Fwp%2Fv2%2Fcomments&post=4631"}],"wp:featuredmedia":[{"embeddable":true,"href":"https:\/\/www.aicontec.com.ar\/shop\/index.php?rest_route=\/wp\/v2\/media\/4659"}],"wp:attachment":[{"href":"https:\/\/www.aicontec.com.ar\/shop\/index.php?rest_route=%2Fwp%2Fv2%2Fmedia&parent=4631"}],"wp:term":[{"taxonomy":"product_cat","embeddable":true,"href":"https:\/\/www.aicontec.com.ar\/shop\/index.php?rest_route=%2Fwp%2Fv2%2Fproduct_cat&post=4631"},{"taxonomy":"product_tag","embeddable":true,"href":"https:\/\/www.aicontec.com.ar\/shop\/index.php?rest_route=%2Fwp%2Fv2%2Fproduct_tag&post=4631"}],"curies":[{"name":"wp","href":"https:\/\/api.w.org\/{rel}","templated":true}]}}